6
Let q(j) be the first derivative of -13*j**2/2 + 65*j + 24. Let a be q(-11). Suppose -196*o - a = -197*o. What is the hundreds digit of o?
2
Let o be 3/(-6) - ((-213)/2 - 4). Let t = o + -110. Suppose t = -0*p + 3*p - 666. What is the units digit of p?
2
Let x = -111 - -107. Let h be x/(-2) - -1 - (-34 - -10). Let m = h + -3. What is the units digit of m?
4
Let g(r) = -2*r + 10. Let m be g(31). Let p = m - -128. What is the tens digit of p?
7
Suppose -d - 4*l + 4335 = -2000, -4*d + 25226 = -3*l. What is the thousands digit of d?
6
Suppose 2*a + j - 9940 = 0, 19866 = 4*a + 358*j - 363*j. What is the tens digit of a?
6
Let n(h) = h**3 - 20*h**2 - 42*h - 14. Let d be n(22). Suppose 20103 = d*g - 2607. What is the units digit of g?
7
Suppose 5 = -w, 5*x + 2*w + 108 = -697. Let g = x - -327. What is the tens digit of g?
6
Suppose 1706 = -3*x + 1820. What is the tens digit of x?
3
Let c = 734 + -731. Suppose 0*i = i + c*b - 2042, -b = 2. What is the thousands digit of i?
2
Suppose -88233 = -6*q - 2*h + 415625, 5*q - h = 419903. What is the tens digit of q?
7
Suppose 16*b - 47 = 33. Suppose 2*s = -5*o + 27, b*o = 3*s - 10 - 68. What is the tens digit of s?
2
Let r be 22*((-30)/(-4))/(-5). Let t be 11/(110/(-20)) - -57. Let c = t - r. What is the units digit of c?
8
Let t be 3 + (-3788)/4 - (-9 - -12). Let g = 1830 + t. What is the tens digit of g?
8
Let p(h) = 60 + 0 - 4*h - 5*h - 6*h. What is the hundreds digit of p(-15)?
2
Let n(h) = -476*h + 19580. What is the tens digit of n(0)?
8
Suppose 0 = -4*c + 4*z + 8, 4*c - 1 = 2*z + 7. Suppose c*g = 7*g - 40. What is the units digit of 5*220/16 + 2/g?
9
Suppose -176574 = -5*t - 2*u, 62663 = 3*t - u - 43299. What is the tens digit of t?
1
Suppose -c + 3 = 1. Suppose y + c*y - 454 = 4*i, -627 = -4*y + i. What is the units digit of y?
8
Suppose 28*u = 58*u - 500550. What is the ten thousands digit of u?
1
Let b be (-39274)/(-14) - (1 - (-35)/(-49)). Suppose -22*k + b = -5*k. What is the tens digit of k?
6
Suppose -3*s - 5*d = -11047, 5*d + 17180 + 4974 = 6*s. What is the hundreds digit of s?
6
Suppose 0 = -3*r - 3*p + 141, -5*r + p + 3*p + 190 = 0. Let k be -2*(-1)/4*24. Let o = k + r. What is the tens digit of o?
5
Let z(v) = 11*v**2 - 3*v - 5 + 3 - 6 - 2*v. Let r(h) = -h**3 - 4*h**2 + 6*h + 3. Let k be r(-5). What is the tens digit of z(k)?
4
Let m = 21701 + -15878. What is the hundreds digit of m?
8
Let x(t) = 3*t**3 - 145*t**2 + 117*t + 67. What is the hundreds digit of x(49)?
6
Let y(u) = 9*u**3 - 15*u**2 - 44. What is the tens digit of y(8)?
0
Let k = 2750 + -1120. Let q = 2587 - k. What is the units digit of q?
7
Let u(x) = 76*x**2 - 107*x + 2162. What is the thousands digit of u(17)?
2
Let h = -9483 + 20738. What is the units digit of h?
5
Let y(u) = -100*u + 143. Let t be y(-4). Let i = -457 + t. What is the tens digit of i?
8
Let h be (-1 - 0)*60/(-5). Let t be (-9)/(-2)*112/h. Suppose q - t = 2*m, 3*m = -6 - 0. What is the units digit of q?
8
Let y(t) be the second derivative of 7/3*t**3 - 1/20*t**5 + 0 + t**2 + 7*t + 11/12*t**4. What is the units digit of y(12)?
6
Let m(k) = -k**3 + 8*k**2 - 7*k + 17. Let d be m(8). Let z(o) = -o**2 - 46*o + 68. What is the tens digit of z(d)?
4
Let y(n) = -10*n - 76. Let f be y(-6). What is the thousands digit of (-153)/(-408) + (-22346)/f?
1
Let m(b) = 10*b**2 - 38*b + 813. What is the tens digit of m(28)?
8
Let j(w) = w**3 + 28*w**2 - 29*w. Let v be j(-29). Let n(x) = -x**3 + 1249. What is the units digit of n(v)?
9
Suppose 0 = 24*j - 27*j - 2*z + 43795, -2*j - 7*z + 29242 = 0. What is the units digit of j?
3
Suppose 1051*h = 1055*h - 4184. Let u = 1567 - h. What is the units digit of u?
1
Suppose -5*p - 13 = d, 0 = -5*d + 4*p - 89 - 5. What is the tens digit of 2/9 + (-4226)/d?
3
Let x = 436 - 170. Let s = -494 + x. Let l = -70 - s. What is the units digit of l?
8
Let m = -698 - -702. Suppose -3*r + 4*j = -2627, 4413 = 5*r + m*j - 2*j. What is the hundreds digit of r?
8
Let b = -6114 - -8812. What is the hundreds digit of b?
6
Suppose -39*d + 1170290 = 101105. What is the tens digit of d?
1
Let n(g) = g**3 + 28*g**2 + 4*g - 589. What is the hundreds digit of n(-18)?
5
Suppose -g - 2 = -4. Let c(f) = -f**2 + 9*f + 55. Let j be c(13). What is the tens digit of g/3*31*j?
6
Let d(l) = -13*l - 68. Suppose -g + 17 = -2*k, 9 = -4*k - g - 10. Let n be d(k). Suppose n*j - 329 = 3*j. What is the units digit of j?
7
Let h = 15679 + -6033. What is the units digit of h?
6
Let l(c) = -c**3 + 19*c**2 + 46*c + 12. Let d = -26 + 28. Suppose 0*i = -d*g - i + 39, -93 = -5*g - 4*i. What is the tens digit of l(g)?
9
Let w = 73798 - 18527. What is the thousands digit of w?
5
Let y(x) = -43*x + 54. Let z(l) = l**3 - 6*l**2 + 5*l - 4. Let m be z(5). What is the tens digit of y(m)?
2
Let k(w) = -15*w - 2338. Let q be k(0). Let g = q - -4254. What is the hundreds digit of g?
9
What is the hundreds digit of (1 - 0)/(-2) - (-935784)/16?
4
Let f(i) = i**2 + 5*i + 4. Let n be f(-5). Let u be (12/21)/((-34)/238). What is the tens digit of (10/n)/5 + (-338)/u?
8
Let k(n) = -76891*n**3 + 3*n**2 + 43*n + 39. What is the hundreds digit of k(-1)?
8
What is the units digit of (0 - -2*1/2) + (-38985)/(-69)?
6
Let z(d) = d**3 + 13*d**2 + d + 9. Let i be z(-13). Let r be (55/20)/((-1)/i). What is the tens digit of (r/(-22))/(1/(-36))?
1
Let n = 1644 - 1075. Let i = 1169 - n. What is the tens digit of i?
0
Let t(g) = 2*g - 40. Let w be t(24). Suppose -4*h - w = 0, 3*m + 2*h = -10 + 30. What is the units digit of m?
8
Let m(w) = -w**2 - 10*w - 24. Let f be m(-6). Let x be -1*(f - -1 - 0)*-6. What is the units digit of (-2863)/(-28) - x/(-8)?
3
Let i(n) = -n**2 + 13*n - 16. Let q be i(12). Let r be (-2 + 0)*22/q. Suppose -66 = 5*v - r*v. What is the tens digit of v?
1
Let a = -1452 - -19302. What is the thousands digit of a?
7
What is the units digit of 1/(2/8506) + (-84)/(-56)*-2?
0
Suppose 95*d - 100*d + 2*b = -43829, 3*d = b + 26298. What is the tens digit of d?
6
Let a = 2 - -2. Let t(r) = -7*r**2 - 81 + r + a*r + 46 + 44 + 2*r**3. What is the hundreds digit of t(5)?
1
Suppose -105 + 15 = -15*d. Let p(w) = 182*w - 22. What is the units digit of p(d)?
0
Suppose -4*d + 4 = m + d, d = -4*m - 3. Let h be (4 - 3) + (2 - m). Suppose 4*g = -9*u + h*u + 385, -5*u - 245 = -3*g. What is the tens digit of g?
9
Let w = -227 - -227. Suppose -4*g - 4 = w, -7*q + 5*g = -8*q + 1403. What is the thousands digit of q?
1
Let z be ((-164)/10)/(2/(-15)*-3). Let m = z - -151. What is the hundreds digit of m?
1
What is the thousands digit of (-520866)/(-76) + (3 - (-9)/(-6))?
6
Let g(f) = -6*f**3 + 3*f**2 + 7*f - 13. Let s(h) = h**3 - h**2 + 1. Let b(o) = 2*g(o) + 14*s(o). What is the hundreds digit of b(8)?
6
Let z(n) = -n**3 + 7*n**2 + 14*n + 1. Let w be ((-1)/2)/(-5*5/(-400)). What is the tens digit of z(w)?
4
Let z = 2902 - 777. Suppose 2*b + 3*i = z, 15 = 5*i - 0. What is the thousands digit of b?
1
Let k(f) = -20*f + 17695. What is the units digit of k(-174)?
5
Suppose -20*d = -26*d - 2088. Let t = 587 + d. What is the tens digit of t?
3
Let b = -309 + 316. What is the units digit of 2260/b - 16/(-112)?
3
Let i(b) = -b**3 - 9*b**2 - 24*b + 4. Let o be (21 + -22)/(1/(-6)). Let a be 9/4*(-16)/o. What is the units digit of i(a)?
0
Suppose 0 = -5*s - 4*p + 356, 3*s + 0*p - 2*p = 218. Suppose -5*b + 13 = -s. Suppose -b*u = -18*u + 82. What is the tens digit of u?
8
Let g be 4/2*(-3 + 7 + -2). Suppose g*l - 12*l = 24. Let b(q) = q**2 - 2*q - 6. What is the units digit of b(l)?
9
Suppose 5*l + 36 = -89. Suppose 3*i - 4*z = -16, -24*i + 19*i = 3*z - 12. Let g = i - l. What is the units digit of g?
5
Let q = -615 - 74. Let j = q - -1082. What is the units digit of j?
3
Let c = -19 - -6. Let n = 42 + c. Suppose 0 = x + n - 123. What is the units digit of x?
4
Suppose 143*v - 1840466 - 144945 = -200771. What is the ten thousands digit of v?
1
Let a(q) = 110*q**2 - 7*q - 120. What is the units digit of a(-7)?
9
Let v(r) = -35*r - 8. Let k be v(-1). Suppose -13*c = -k - 25. Suppose 68 = 5*h + 3*i, c*h + 5 - 85 = 4*i. What is the tens digit of h?
1
Let l be (-1 - 135) + ((-20)/4 - -1). Let n = l + 587. What is the hundreds digit of n?
4
Let v = -31 + 37. Suppose v*a - 7*a + 113 = 0. Suppose a = 5*h - 82. What is the unit